4*z - 411. List the prime factors of v(15).
3, 7, 19
Let k be (-3 + 1)*(-14 + 13). Suppose -g - 175 = -m - 0*m, -k*g = 4*m - 712. List the prime factors of m.
3, 59
Let y = -26693 - -68617. List the prime factors of y.
2, 47, 223
Suppose 559 = 3*k - 3*y + 2932, k + 2*y = -797. Let u = -440 - k. List the prime factors of u.
353
Suppose 3*j - 7526 = -2*p + 9398, -2*j - 33896 = -4*p. What are the prime factors of p?
43, 197
Let m = 7574 - 1765. What are the prime factors of m?
37, 157
Suppose 2*g - 16885 = 5*t, 7*g + 2*t - 71678 + 12678 = 0. List the prime factors of g.
2, 3, 5, 281
Let a = 474 + -224. Let b be (8/20)/(-5*(-5)/a). Suppose -5*j + 697 = b*f, -f - 3*j - 110 = -293. What are the prime factors of f?
2, 3, 7
Suppose 0 = -4*n - 809 + 10905. Suppose 6*x - 3050 = n. List the prime factors of x.
929
Let z = 6236 + -2400. What are the prime factors of z?
2, 7, 137
Let o(z) = z**3 + 9*z**2 + 9*z + 6. Let t be o(-8). List the prime factors of (t - 25/3)/(7/(-105)).
5, 31
Suppose -4*q = 2*k - 1814, 15*q = 17*q. List the prime factors of k.
907
Let d = 14809 - 6852. What are the prime factors of d?
73, 109
Suppose 23*i = 21010 + 9810. Suppose 2*n = -2*t + i, -n + 632 = 3*t - 44. What are the prime factors of n?
23, 29
Let l = -3623 - -6038. Suppose 0 = -91*j + 84*j + l. What are the prime factors of j?
3, 5, 23
Let r(j) be the first derivative of 5*j - 15 - 1/3*j**3 - j**2. List the prime factors of r(-3).
2
Let b be 2883*(-1 - 14/(-6)). Suppose 8*z - 1108 = b. List the prime factors of z.
619
Let l(j) = j**2 + 92*j + 1417. What are the prime factors of l(98)?
3, 6679
Let f(u) = 3*u**2 - 21*u + 9. Let m be f(9). Suppose m*n = 61*n + 780. List the prime factors of n.
2, 3, 5, 13
Let q(h) = -h**2 + 7*h - 6. Let a be q(5). Suppose v - a = -2, 4 = 3*c - 4*v. What are the prime factors of c?
2
Let i(p) = -p**2 + 24*p - 20. Suppose -9*v + 340 = -5*v. Suppose -o - 3*g + 7 + 8 = 0, -5*o - 5*g = -v. What are the prime factors of i(o)?
2, 11
Let d be 6/27 + (-88)/(-9). Let h be 380 - ((-6)/d + 18/5). Let g = -159 + h. What are the prime factors of g?
2, 109
Let s = -226 - -242. What are the prime factors of s*21*(18/4 + -3)?
2, 3, 7
Let t = 359 + -339. What are the prime factors of 15/(-6)*(-312)/t?
3, 13
Let y(m) = m**2 + 31*m + 19. Let l be y(-24). Let n = 377 - l. List the prime factors of n.
2, 263
Let p = 198 + -198. List the prime factors of 140/(-42)*(p - 162)/2.
2, 3, 5
Suppose -53 = -5*x - 8. Let j = x + -4. Suppose -i = -j - 119. List the prime factors of i.
2, 31
Let v = 36406 - 20762. List the prime factors of v.
2, 3911
Let b(r) = 53*r**2 - 1. Suppose 4*h + 14 = 18. Suppose h = -3*c + 2*c. What are the prime factors of b(c)?
2, 13
Let o be 2/1 - 0/(-2). Suppose 13554 = -n + 13*n + 15*n. Suppose -o*j = y - 118, 3*y + 2*j - n = -y. List the prime factors of y.
2
Let l(p) = p - 14. Let g be l(0). Let r = -45 - -122. Let a = g + r. What are the prime factors of a?
3, 7
Let c be 4/(16/(-1086))*6/(-9). Let v = 191 - c. List the prime factors of v.
2, 5
Suppose 5*v - 7*x = -4*x + 41372, 4*x - 16528 = -2*v. Suppose -v = -29*m + 42623. List the prime factors of m.
3, 5, 13
Let z(h) = 9*h**2 - 11*h + 12. Suppose 5*b - 7 = 13. What are the prime factors of z(b)?
2, 7
Suppose 4*v = -5*r - 1133, -3*r - 3*v - 665 = -8*v. What are the prime factors of ((-12)/(-20))/((-3)/r)?
3, 5
Let d = -3 + -6. Let j be ((-2)/(-2))/(3/d). What are the prime factors of (-4)/(-6) + (-214)/j?
2, 3
Let x be 16/40*-15*(-1)/2. List the prime factors of x - -2 - (-6 - -8).
3
Let w be (-4)/1 + -43*14*-7. Suppose -4*t = -5*i + t + w, -i + 4*t + 854 = 0. What are the prime factors of i?
2, 419
Let p = 11232 - 5710. Suppose -4*b + p = 18*b. What are the prime factors of b?
251
Let s be 15715/13 - (-14)/91. List the prime factors of -2*(s/15)/((-8)/20).
13, 31
Let a = 9671 + -5701. What are the prime factors of a?
2, 5, 397
Suppose -101*j + 79*j + 667034 = 140948. List the prime factors of j.
3, 2657
Let i(r) = 6*r**2 - 461*r + 358. What are the prime factors of i(90)?
2, 1867
Let q(r) = 101*r**2 + 15*r - 23. What are the prime factors of q(-8)?
3, 7, 43
Suppose -14228 = 19*k - 64464. What are the prime factors of k?
2, 661
Let s be (80/28)/((-28)/(-98)). Let d be (2 + -2)/(0 - -2). Suppose d = 7*x - s - 11. List the prime factors of x.
3
Suppose 9*y + 82 = 64. List the prime factors of (((-133)/14)/(-19))/(y/(-1996)).
499
Suppose -2*a = -3*g + 3*a - 166, a - 284 = 5*g. Suppose 0*z - 169 = -z. Let p = g + z. What are the prime factors of p?
2, 7
Suppose -4*d - 944 - 6668 = -3*a, -4*d = -a + 2524. List the prime factors of a.
2, 3, 53
Let k(g) be the second derivative of -53*g**5/10 - g**4/6 + g**3/6 + 3*g**2/2 + 21*g + 3. What are the prime factors of k(-2)?
29
Let r = -11 - -155. Let t(j) = -j**2 + 12*j + 274. Let g be t(22). Let z = r - g. List the prime factors of z.
2, 3, 5
Let x = 11 - 13. Let p(n) = -3*n - 4. Let i(d) = -13*d - 17. Let u(z) = x*i(z) + 9*p(z). What are the prime factors of u(-12)?
2, 5
Let h(g) = -2*g**2 + 47*g + 35. Let q(b) = 3*b**2 - 71*b - 53. Let v(p) = 7*h(p) + 5*q(p). What are the prime factors of v(43)?
3, 79
What are the prime factors of (-5)/(50/(-8090)) - -15?
2, 103
Let k(q) = -220*q + 23334. List the prime factors of k(0).
2, 3, 3889
Let k(a) = 8 - 3*a**2 + 4 - 4*a**3 + 3*a**3 - 2*a**3 + 14*a. List the prime factors of k(-5).
2, 11
Suppose -3*v - 2*m - 3 = -142, 4*v - 5*m = 216. Suppose 50*b - 2 = v*b. Suppose 4*i = 3*i - 3*o + 122, -b*i + 5*o = -222. List the prime factors of i.
2, 29
Let i = -1174 + 348. Let d = i - -1158. What are the prime factors of d?
2, 83
Let p(b) = -b**2 - 4*b + 5. Let u be p(-5). Suppose u = -7*m - 372 - 83. Let c = 67 + m. What are the prime factors of c?
2
Let b be 34 - ((-1)/(-5) + (-25)/125). Let w(u) = u**3 - 35*u**2 + 35*u + 57. What are the prime factors of w(b)?
7, 13
Let u = 81 - 79. Suppose l - 2*y = -189, y + 195 = u*l - 3*l. Let c = -137 - l. What are the prime factors of c?
2, 7
What are the prime factors of (-1090)/((-6 - 200/(-32))/(-1))?
2, 5, 109
What are the prime factors of 2/((-11)/(1158399/(-18))) + -1?
2, 3, 5, 13
Suppose -1343*u = -1410*u + 1036281 + 371992. What are the prime factors of u?
21019
Suppose -2*z + 18 = 20. What are the prime factors of 2/(z - 237/(-235))?
5, 47
Suppose -223*z + 9923991 = 40*z - 32*z. List the prime factors of z.
42961
Suppose 0 = -8*s + 3*s. Let x(q) = -q**3 + q**2 + 2*q + 3. Let d be x(s). Suppose -4*p = -5*b - 158, d*p + 4*b + 0*b = 103. List the prime factors of p.
37
Let n(y) = -638*y - 10. Let g be n(-1). Let m = 916 - g. List the prime factors of m.
2, 3
Suppose -2*h - 662 = -2*r, 3*h + 2*r = -1026 + 18. Let o = h - -742. What are the prime factors of o?
2, 3, 17
Let n = -385 + 384. What are the prime factors of (-6)/(-24)*-4*n*599?
599
Let g = -68 - -68. Suppose -5*r + 316 + 1169 = g. What are the prime factors of r?
3, 11
Let s be ((-4)/(-1) - 7) + 5/1. Let v(b) = b + 1. Let i be v(s). Suppose -3*x + 16 = -2*x + i*j, -x + 5*j + 8 = 0. What are the prime factors of x?
13
Let w(s) = s**2 + 2. Let k(a) = -a + 29. Let g be k(24). Suppose i + 12 = -y, y - g*i + 5 + 1 = 0. What are the prime factors of w(y)?
3, 41
Suppose -2*a + 0*a + 384 = -5*l, -l + 199 = a. Suppose -2*p - 270 = -3*g, -5*g + 4*g = -2*p - 270. Let c = p + a. List the prime factors of c.
2, 31
Let w(a) = 2*a + 29. Let j be w(-12). Suppose -j*d = n - 40, -3*d + 32 = d - n. Suppose -d*i + 61 = -107. List the prime factors of i.
3, 7
Let m(a) be the second derivative of -29/2*a**2 - 1/20*a**5 + 13 + a - 4/3*a**3 + 0*a**4. What are the prime factors of m(-4)?
67
Suppose -1229*j + 37092 = -1227*j. Suppose -21*g + j + 10434 = 0. What are the prime factors of g?
2, 3, 5, 23
Let g(o) = o**3 - 17*o**2 - 25*o + 359. Let b be g(16). Suppose 5*j = -12 - 38. List the prime factors of (b/(-55))/((-12)/j - 1).
3
Let c be 283/3 - (-12)/18. Let h = -93 + c. Suppose -h*z + 0*g + 204 = 3*g, 2*z - 2*g = 214. List the prime factors of z.
3, 5, 7
Suppose j = 3 + 15. Suppose -13*y - 365 = -j*y. List the prime factors of y.
73
Let u = -576 + 552. What are the prime factors of (-36)/u + (-6130)/(-4)?
2, 13, 59
Suppose -3*d = l - 368, 5*d = d + 4*l + 496. What are the prime factors of d?
3, 41
Suppose -14*w = -100 + 16. 